+ 39. Let k(b) = -b - 3. Let o(c) = d(c) + 2*k(c). List the prime factors of o(-23).
2, 3, 109
What are the prime factors of -3385*((-144)/60 - -2)?
2, 677
Suppose -2*c - 31*c = -11022. Let a = 429 - c. List the prime factors of a.
5, 19
Let s be -7 + 7 + 11 + -1. What are the prime factors of 69729/165 - (-4)/s?
3, 47
List the prime factors of (-5 - ((-140)/10 + 8))/(3/162516).
2, 29, 467
Suppose -5*q + 34 = -3*o, 0*o + 2*q - 4 = -2*o. What are the prime factors of ((-3)/(-27)*3)/(o/(-4716))?
2, 131
Suppose 63*h = 105835 + 42152. List the prime factors of h.
3, 29
Let b(k) be the first derivative of -k**4/4 + 6*k**3 + 30*k**2 - 55*k + 57. What are the prime factors of b(17)?
2, 3, 11, 19
Let m(d) = 70*d**2 - 34*d - 155. Let g be m(-5). Suppose 3*p - 5*b = 1678, 5*p - b = 1017 + g. What are the prime factors of p?
2, 139
Let j = -14 - -3397. What are the prime factors of j?
17, 199
Let a = 450 + -434. What are the prime factors of 2 - a - -8 - -743?
11, 67
Suppose -12*j + 625 + 5555 = 0. Suppose 1625 - j = 4*m + 3*w, m + w - 277 = 0. What are the prime factors of m?
3, 31
Suppose 76104 = 2*a + 19*a. Suppose 3*g - m = 2*m + a, 0 = g - 5*m - 1212. List the prime factors of g.
17, 71
Suppose 0 = -31*d + 407208 + 1184859. List the prime factors of d.
3, 17, 19, 53
Let n(d) = 2*d**2 + 15*d + 7. Suppose 8*m = b + 4*m + 4, 54 = -4*b - 3*m. Let h be (b/(-24))/(1/(-22)). What are the prime factors of n(h)?
2, 3, 7
Suppose -5*n + 160060 = -4*k - 0*k, -5*n - 2*k = -160030. What are the prime factors of n?
2, 4001
Suppose 5*n - 19244 = -3*v, -24637 - 1030 = -4*v - 5*n. List the prime factors of v.
3, 2141
Let g(m) = 532*m**3 + 3*m**2 + 170*m - 520. What are the prime factors of g(3)?
73, 197
Suppose -13007 = -12*c + 14966 - 6757. List the prime factors of c.
2, 13, 17
Let j = -15832 + 26284. List the prime factors of j.
2, 3, 13, 67
Let v(q) = -123*q**2 - 11*q - 21. Let g be v(-3). Let i = g + 2028. List the prime factors of i.
3, 311
Let i(u) = -13453*u - 549. What are the prime factors of i(-1)?
2, 1613
Let m = 336 + -176. Let f = m + 152. Suppose -108 = -v + 3*y, -5*v = 2*y - 143 - f. What are the prime factors of v?
3, 31
Let n(g) = -g**3 - 45*g**2 - 419*g - 538. What are the prime factors of n(-56)?
2, 28711
Suppose -14274*r = -14259*r - 140145. List the prime factors of r.
9343
Suppose 92*g + 66695 = 97*g - 5*s, -2*s + 39987 = 3*g. List the prime factors of g.
67, 199
Let v(p) be the first derivative of -2*p**4/3 - 17*p**3/6 + 4*p**2 + 13. Let w(m) be the second derivative of v(m). List the prime factors of w(-7).
5, 19
List the prime factors of (9*4696/72)/(1/60).
2, 3, 5, 587
Let t(f) = 4*f. Let d be t(-4). Let l(s) = s**3 - 41*s**2 + 5*s - 169. Let c be l(41). Let o = d + c. List the prime factors of o.
2, 5
List the prime factors of 5 + 17/(-85) + (-14)/5 + 58164.
2, 127, 229
Let f(h) = 3*h**2 - 4*h. Suppose 21*a - 10 = 16*a. Let x be f(a). Let z = x + 63. What are the prime factors of z?
67
Let u(s) = s**3 - s**2 + 3*s + 505. Let n be u(0). Suppose 3*b - 281 = -4*g + 144, -5*b = -5*g + n. List the prime factors of g.
2, 13
Let c(s) = s**3 - 3*s**2 - 2*s - 2. Let m be c(4). Let n(o) = 4*o + 106. Let a be n(-26). Suppose 440 = a*l + m*l. What are the prime factors of l?
5, 11
Suppose -6*i - 19 = 53. What are the prime factors of (-3364)/5*-15*i/(-72)?
2, 29
Let s(l) = -l**2 - 18*l - 65. Let h be s(-15). Let f(d) = d**3 + 20*d**2 - 38*d + 41. What are the prime factors of f(h)?
3, 89
Let f(i) be the first derivative of i**3/3 - i**2/2 + 8*i - 10. Let h be f(11). Suppose 3*y = h - 25. List the prime factors of y.
31
Let i(m) = 3*m**2 - 114*m - 91. List the prime factors of i(-21).
2, 7, 37
Let h be (2986*(-2)/(-16))/(2/8). Suppose 7*k - h + 443 = 0. List the prime factors of k.
2, 3, 5
Let d = -54 + 56. Let g be ((-1062)/36)/(((-3)/2)/3). Suppose -237 - g = -d*x. List the prime factors of x.
2, 37
Let u = 266 - -1125. Suppose 10*q + u = 6671. What are the prime factors of q?
2, 3, 11
Suppose -10*z + 891 + 1299 = 0. Let m be (z/(-15))/(-1) + 3/(-5). What are the prime factors of ((-21)/m)/(2/(-1 - 39))?
2, 3, 5
What are the prime factors of (198/54)/((-22876)/7626 - -3)?
11, 31, 41
Let z = 31646 - 13955. What are the prime factors of z?
3, 5897
Suppose 6 = -4*p + 14. Suppose m - 4*w = 30, 0 = -m - 0*m + p*w + 20. Let v(j) = j**2 - j + 2. List the prime factors of v(m).
2, 23
List the prime factors of 23152/3 - (-238)/(-714).
7717
Let u(c) be the second derivative of 13*c**3/6 + 17*c. Let v(g) = 38*g + 1. Let f(b) = 7*u(b) - 2*v(b). List the prime factors of f(4).
2, 29
Let a = 365 + -364. What are the prime factors of a*979 + (-220)/(-44)?
2, 3, 41
Suppose 25*k - 23*k = 0. Suppose k = 34*o - 38*o + 1288. Let t = o + -190. List the prime factors of t.
2, 3, 11
Let d(a) = -288*a - 6. Let i be d(-3). Suppose i - 70 = 4*y. List the prime factors of y.
197
Let y be 15/((24/(-4856))/(-1)). Let v = y - 1803. List the prime factors of v.
2, 7, 11
What are the prime factors of (12 + (-85185)/10)*-2?
3, 53, 107
Let s = 30 + -27. Suppose -5*a = 4*t - 43, -5*t + 0*t = -s*a + 11. Let w = -2 + a. List the prime factors of w.
5
Let o(c) = c**3 - 12*c**2 + 7*c. Let i be o(7). Let y be (-260)/(-78)*(-24)/10. What are the prime factors of 2/(y/i) - -3?
2, 13
Let z = 105807 + -41881. What are the prime factors of z?
2, 31963
Let q(t) = -t**3 - 34*t**2 - 21*t + 23. Let d(i) = -i**3 - 33*i**2 - 21*i + 24. Let v(k) = -6*d(k) + 5*q(k). What are the prime factors of v(-27)?
7, 19
Suppose 88810 = 5*a + 40*s - 45*s, -a + 4*s = -17759. What are the prime factors of a?
3, 31, 191
Let o(q) = 7*q - 3. Let k be o(-3). Let i = 762 - 807. What are the prime factors of 69*k/i - 2/(-10)?
37
What are the prime factors of 962*24 + (-23 + 15 - -8)?
2, 3, 13, 37
Suppose 34*h = 201 + 87859. List the prime factors of h.
2, 5, 7, 37
Let k = 88 + 461. Let p = 106 + k. List the prime factors of p.
5, 131
Suppose y + 3310 = 4*y + 4*p, 3*p + 1086 = y. Suppose n - 210 = -3*a, 5*n + a - y = 2*a. What are the prime factors of n?
3, 73
Let c(a) = 3*a**3 + 391*a**2 - 334*a + 119. What are the prime factors of c(-130)?
19, 3181
Suppose 10 = 5*f, 0 = 3*u - 2*u - 5*f + 5. Suppose u*r + 5*o + 5 = 0, -o = 3*r - 2 + 1. What are the prime factors of (0 + r)/((-8)/(-328))?
41
Suppose -236 = -3*j + 2245. List the prime factors of j.
827
Suppose 1431 = -n + 2216 + 1501. List the prime factors of n.
2, 3, 127
Suppose -12863 - 5977 = -5*m. Suppose 3*j = -9*j + m. What are the prime factors of j?
2, 157
Let a = 43 - 41. Let y be (-4)/a + (-179 - 1) + -3. What are the prime factors of (-2)/(y/180 - -1)?
2, 3
Let k = -32080 - -59540. What are the prime factors of k?
2, 5, 1373
Let b(h) be the second derivative of -h**3/6 + 21*h**2/2 - 3*h. Let o be b(6). Suppose d - 4*d + o = 0. List the prime factors of d.
5
Let c(j) = 3*j**3 + 2*j**2 + 9*j + 2. Suppose 0 = 3*a + 4*w + 8, -2*w - 2*w = 5*a. List the prime factors of c(a).
2, 131
What are the prime factors of ((-779776)/(-10))/2 + -1 + 4/20?
2, 3, 19
Let f(c) = -611*c - 3730. List the prime factors of f(-17).
3, 7, 317
Suppose -6*q + 26 = -3*q + 2*x, 4*x - 44 = -5*q. Suppose -7*c = -q*c + 52. Let j = 8 + c. What are the prime factors of j?
2, 3, 5
Let v(c) = -26*c - 2. Let i be v(-5). Suppose 0 = -4*w - 948 + 952. Let b = i + w. What are the prime factors of b?
3, 43
Let x be (-6)/(-21) + (-2035)/(-7). Suppose 0 = -l - 101 + x. Suppose 6*m - 3*m - c = 281, -2*m + 2*c = -l. What are the prime factors of m?
3, 31
Let o be -2*(4 - 6) + -1. Suppose o*s - 1060 = 827. Suppose 5*j - 2*l + 71 = s, -4*j + 4*l = -444. What are the prime factors of j?
2, 7
Suppose 0 = -2*c + p - 4*p + 6, 2*c + 4*p = 6. Suppose c - 9 = -6*z. List the prime factors of 2 - z*(2 - 36).
2, 3
Suppose -102*h - 516 = -105*h. Suppose 12 = -5*b + h. What are the prime factors of b?
2
Let m = -306 + 200. Let b = 281 - 103. Let f = m + b. What are the prime factors of f?
2, 3
List the prime factors of 1107080/(-325)*(-2 + (-3)/6).
2, 2129
Let n(d) = 30*d - 78. Let r(g) = 178*g - 467. Let f(m) = -34*n(m) + 6*r(m). What are the prime factors of f(7)?
2, 3, 31
List the prime factors of 26*(2162 + (-90)/(13 + -3)).
2, 13, 2153
Suppose 0 = -43*t - 114*t + 2340870. List the prime factors of t.
2, 3, 5, 7,